849 is divided by 180?
9
Calculate the remainder when 459474 is divided by 7336.
4642
What is the remainder when 1901536 is divided by 190048?
1056
What is the remainder when 82569 is divided by 917?
39
What is the remainder when 2084291 is divided by 23?
8
What is the remainder when 71733 is divided by 815?
13
What is the remainder when 1774528 is divided by 3367?
119
What is the remainder when 863156 is divided by 312?
164
Calculate the remainder when 810444 is divided by 311.
289
What is the remainder when 7687587 is divided by 611?
596
What is the remainder when 50283139 is divided by 16761016?
91
Calculate the remainder when 11932277 is divided by 1277.
1266
Calculate the remainder when 73021064 is divided by 39.
38
Calculate the remainder when 3111403 is divided by 1054.
1049
What is the remainder when 43051 is divided by 815?
671
What is the remainder when 1083771 is divided by 1898?
13
What is the remainder when 49889 is divided by 1970?
639
What is the remainder when 32947883 is divided by 4559?
4549
What is the remainder when 914560 is divided by 6578?
218
Calculate the remainder when 3270479 is divided by 32.
15
What is the remainder when 37777976 is divided by 52?
28
Calculate the remainder when 144005 is divided by 1376.
901
What is the remainder when 4346800 is divided by 330?
40
What is the remainder when 3317878 is divided by 566?
552
Calculate the remainder when 82041058 is divided by 17.
10
Calculate the remainder when 211582 is divided by 564.
82
What is the remainder when 1689597 is divided by 211199?
5
Calculate the remainder when 1076296 is divided by 254.
98
What is the remainder when 22400202 is divided by 182?
6
Calculate the remainder when 163805 is divided by 151760.
12045
Calculate the remainder when 118953129 is divided by 4663.
4662
Calculate the remainder when 5032286 is divided by 1677424.
14
What is the remainder when 1747873306 is divided by 6434?
6432
What is the remainder when 327185 is divided by 3114?
215
Calculate the remainder when 41127621 is divided by 12.
9
What is the remainder when 2996542 is divided by 548?
78
Calculate the remainder when 17581 is divided by 281.
159
Calculate the remainder when 163817 is divided by 512.
489
Calculate the remainder when 479631 is divided by 120.
111
What is the remainder when 15180400 is divided by 7590193?
14
What is the remainder when 2623868 is divided by 5455?
13
Calculate the remainder when 306771 is divided by 153336.
99
What is the remainder when 55489050 is divided by 114?
6
Calculate the remainder when 2558774 is divided by 5479.
81
What is the remainder when 2388466 is divided by 77047?
9
What is the remainder when 5094791 is divided by 2547308?
175
Calculate the remainder when 8801850 is divided by 3304.
3298
What is the remainder when 97712529 is divided by 8207?
8194
What is the remainder when 87798 is divided by 2308?
94
Calculate the remainder when 16011650 is divided by 152.
122
Calculate the remainder when 36304106 is divided by 26.
20
What is the remainder when 18570693 is divided by 127?
118
Calculate the remainder when 328415081 is divided by 683.
678
What is the remainder when 28624072 is divided by 4089153?
1
What is the remainder when 2327981 is divided by 43?
4
What is the remainder when 2322593 is divided by 165899?
7
What is the remainder when 2280562 is divided by 84437?
763
Calculate the remainder when 22585280 is divided by 96517.
302
What is the remainder when 3743917 is divided by 1247971?
4
What is the remainder when 20085 is divided by 1832?
1765
Calculate the remainder when 6168144 is divided by 154196.
304
What is the remainder when 1173931 is divided by 51039?
34
What is the remainder when 86418 is divided by 5386?
242
What is the remainder when 3104323 is divided by 176?
35
What is the remainder when 29104 is divided by 317?
257
Calculate the remainder when 9813612 is divided by 4616.
4612
What is the remainder when 6158916 is divided by 19?
9
What is the remainder when 192402 is divided by 26941?
3815
Calculate the remainder when 9324116 is divided by 627.
626
What is the remainder when 4450988 is divided by 546?
542
Calculate the remainder when 760520 is divided by 1694.
1608
Calculate the remainder when 5530963 is divided by 83.
9
Calculate the remainder when 5821128 is divided by 831545.
313
What is the remainder when 5515850 is divided by 120?
50
Calculate the remainder when 17059074 is divided by 187.
186
Calculate the remainder when 1513221 is divided by 12.
9
What is the remainder when 69020 is divided by 2556?
8
Calculate the remainder when 14467541 is divided by 668.
665
Calculate the remainder when 3560138 is divided by 17.
15
What is the remainder when 4287786 is divided by 649?
492
Calculate the remainder when 60642 is divided by 7567.
106
What is the remainder when 188512 is divided by 205?
117
What is the remainder when 5597565 is divided by 46?
9
What is the remainder when 282661 is divided by 2336?
5
What is the remainder when 3636152 is divided by 846?
44
What is the remainder when 28397 is divided by 1026?
695
Calculate the remainder when 2562396 is divided by 1281195.
6
Calculate the remainder when 495508313 is divided by 3342.
3341
Calculate the remainder when 152953848 is divided by 44.
36
What is the remainder when 1391176 is divided by 239?
196
What is the remainder when 507115 is divided by 507101?
14
What is the remainder when 11164581 is divided by 64164?
45
Calculate the remainder when 242489 is divided by 56.
9
What is the remainder when 1055265 is divided by 8307?
276
Calculate the remainder when 83986 is divided by 513.
367
What is the remainder when 5658758 is divided by 202095?
98
Calculate the remainder when 128833 is divided by 4987.
4158
What is the remainder when 113045 is divided by 37501?
542
What is the remainder when 2995324 is divided by 3885?
3874
Calculate the remainder when 1952584 is divided by 4136.
392
Calculate the remainder when 6494 is divided by 1191.
539
What is the remainder when 11627395 is divided by 200?
195
Calculate the remainder when 1174453 is divided by 189.
7
What is the remainder when 17198901 is divided by 5732927?
120
What is the remainder when 2158627 is divided by 84?
79
What is the remainder when 1110225 is divided by 1110214?
11
Calculate the remainder when 48988569 is divided by 10.
9
Calculate the remainder when 301309 is divided by 24871.
2857
What is the remainder when 2319858 is divided by 379?
378
Calculate the remainder when 743163 is divided by 178.
13
Calculate the remainder when 3759317 is divided by 897.
887
What is the remainder when 36059 is divided by 5123?
198
Calculate the remainder when 64332 is divided by 21373.
213
Calculate the remainder when 10088383 is divided by 218.
215
Calculate the remainder when 9561091 is divided by 136587.
1
Calculate the remainder when 92706 is divided by 524.
482
What is the remainder when 24860403 is divided by 230?
163
What is the remainder when 7138096 is divided by 99?
97
Calculate the remainder when 14246007 is divided by 2777.
2774
Calculate the remainder when 312943240 is divided by 31294322.
20
What is the remainder when 224746 is divided by 24948?
214
Calculate the remainder when 1524198 is divided by 72580.
18
Calculate the remainder when 3859718 is divided by 1286516.
170
What is the remainder when 40623851 is divided by 4269?
47
What is the remainder when 283562 is divided by 8985?
5027
What is the remainder when 136276061 is divided by 187?
185
Calculate the remainder when 458042 is divided by 1664.
442
Calculate the remainder when 25229 is divided by 22526.
2703
What is the remainder when 4802597 is divided by 4366?
4363
Calculate the remainder when 7575 is divided by 4432.
3143
What is the remainder when 119855 is divided by 975?
905
What is the remainder when 223639 is divided by 296?
159
What is the remainder when 16944646 is divided by 53?
16
What is the remainder when 351297 is divided by 154?
23
What is the remainder when 103702 is divided by 4947?
4762
Calculate the remainder when 7006976 is divided by 1167801.
170
What is the remainder when 1206143724 is divided by 16?
12
Calculate the remainder when 135409 is divided by 7961.
72
Calculate the remainder when 69664 is divided by 1827.
23